{"id":1006,"date":"2019-03-26T20:33:49","date_gmt":"2019-03-26T19:33:49","guid":{"rendered":"http:\/\/kulturtage-poing.de\/?page_id=1006"},"modified":"2019-03-26T20:33:51","modified_gmt":"2019-03-26T19:33:51","slug":"shakespeare-gruesst-das-schwarzwaldmaedel-mitwirkende","status":"publish","type":"page","link":"https:\/\/kulturtage-poing.de\/?page_id=1006","title":{"rendered":"Shakespeare gr\u00fc\u00dft das Schwarzwaldm\u00e4del &#8211; Mitwirkende"},"content":{"rendered":"\n<p>Von Anfang an bei den Kulturtagen dabei ist die aus dem Allg\u00e4u stammende Mezzosopranistin <strong>Barbara Sauter<\/strong>!<br>Sie studierte Gesang und Operndarstellung in M\u00fcnchen an der Musikhochschule, war lange Jahre auch in den USA t\u00e4tig und ist seither eine gefragte S\u00e4ngerin, die sich im deutschsprachigen Raum vor allem im Bereich des Liedgesangs, aber auch im Operetten- und Opernfach einen Namen gemacht hat! Unvergessen sind die vielen Operetten- und Galaabende als kongeniales Duo mit dem Buffotenor Richard Wiedl. Ihr gro\u00dfes schauspielerisches Talent \u00f6ffnet ihr hier T\u00fcr und Tor und l\u00e4sst ihr Publikum immer wieder aufs Neue fasziniert sein!<br>Auf der Homepage der K\u00fcnstlerin <a href=\"http:\/\/www.barbara-sauter.de\" target=\"_blank\" rel=\"noreferrer noopener\">www.barbara-sauter.de<\/a> finden Sie weitere Informationen.<\/p>\n\n\n\n<p>Auch bereits zum sechsten Mal dabei, ist der aus M\u00fcnchen stammende Tenor <strong>Richard Wiedl<\/strong>.<br>Er gilt als Tausendsassa auf den B\u00fchnen dieser Welt. Als ausgebildeter Buffo-Tenor ist er zumeist f\u00fcr die komischen und heiteren Partien in den St\u00fccken zust\u00e4ndig und beherrscht dieses Metier, wie kein Zweiter! Als kongeniales Duo mit Barbara Sauter an seiner Seite verzauberte er schon vielfach das deutsche, wie \u00f6sterreichische Publikum \u00fcber alle Ma\u00dfen! Ob er herzergreifend singt, t\u00e4nzerisch \u00fcber die B\u00fchne wirbelt oder gar akrobatische Kunstst\u00fccke vollbringt \u2013 eines ist sicher, die Damenwelt ist seinem Charme sofort erlegen! Lassen Sie sich \u00fcberraschen, denn eines ist gewiss: f\u00fcr so manches \u00dcberraschungsmoment ist er garantiert zu haben!<br>Lesen Sie mehr \u00fcber Richard Wiedl auf seiner Homepage: <a rel=\"noreferrer noopener\" href=\"http:\/\/www.richardwiedl.de\" target=\"_blank\">www.richardwiedl.de<\/a><\/p>\n\n\n\n<p>Zum zweiten Mal bei den Kulturtagen zu erleben ist der Anzinger Bassist <strong>Frederic Jost<\/strong>.<br>Er begann seine musikalische Ausbildung beim T\u00f6lzer Knabenchor unter der Leitung von Gerhard Schmidt-Gaden und sang dort auch als Solist. Seit 2014 studiert er Gesang an der Hochschule f\u00fcr Musik und Theater M\u00fcnchen bei Michelle Breedt. Meisterkurse auch bei Brigitte Fassbaender und Michelle Breedt runden seine bisherige Ausbildung ab. Das Opernrepertoire von Frederic Jost ist umfangreich und reicht vom Barock \u00fcber klassische Basspartien bis zu zeitgen\u00f6ssischen Kompositionen. Engagements f\u00fchrten ihn u. a. zum Davos Festival und zu den Fr\u00e4nkischen Musiktagen.<br>Als Knabe in Mozarts Die Zauberfl\u00f6te gastierte er an f\u00fchrenden Opernh\u00e4usern in Europa und den U.S.A., als Hirte in Wagners Tannh\u00e4user und Puccinis Tosca war er zudem zu Gast an der Bayerischen Staatsoper.<\/p>\n\n\n\n<p>Auch zum 6. Mal in Poing zu Gast ist das <strong>Petershausener Kammerorchester<\/strong> unter der Leitung von <strong>Eugen Tluck<\/strong>.<br>Die Freude am gemeinsamen Musizieren war \u2013 und ist bis heute \u2013 der Motor, der zur Gr\u00fcndung des Petershausener Kammerorchesters durch Eugen Tluck im Jahre 1980 f\u00fchrte \u2013 der bis heute das Orchester mit viel Energie und Engagement leitet. Und mit eben dieser Musizierfreude brachte das Orchester in der Vergangenheit viele Konzerte regional und \u00fcberregional zur Auff\u00fchrung \u2013 Kammerkonzerte, Serenaden, Kirchenkonzerte, Chorkonzerte, sowie Opern-, Operetten und Musicalabende, bei denen das Orchester mit vielen namhaften Solisten musizieren konnte!<br>Auch die gute Zusammenarbeit mit Barbara Sauter und Richard Wiedl in den vergangenen Jahren geh\u00f6rt zu den in Erinnerung gebliebenen Konzerten, so dass die Musiker sofort wieder Feuer und Flamme f\u00fcr dieses gemeinsame Projekt waren!<\/p>\n\n\n\n<p>Und wir freuen uns wieder auf die Darbietungen der <strong>Ballettschule des Familienzentrums Poing<\/strong> bei unserem Operettenabend. Die M\u00e4dchen setzen mit den traumhaften Choreografien ihrer Lehrerin Regina R\u00fcger Glanzpunkte in unserem Operettenprogramm und wir sind stolz und gl\u00fccklich, dass ihr auch dieses Jahr wieder dabei seid!<\/p>\n","protected":false},"excerpt":{"rendered":"<p>Von Anfang an bei den Kulturtagen dabei ist die aus dem Allg\u00e4u stammende Mezzosopranistin Barbara Sauter!Sie studierte Gesang und Operndarstellung in M\u00fcnchen an der Musikhochschule, war lange Jahre auch in den USA t\u00e4tig und ist seither eine gefragte S\u00e4ngerin, die sich im deutschsprachigen Raum vor allem im Bereich des Liedgesangs, aber auch im Operetten- und [&hellip;]<\/p>\n","protected":false},"author":1,"featured_media":0,"parent":0,"menu_order":0,"comment_status":"closed","ping_status":"closed","template":"","meta":{"footnotes":""},"class_list":["post-1006","page","type-page","status-publish","czr-hentry"],"_links":{"self":[{"href":"https:\/\/kulturtage-poing.de\/index.php?rest_route=\/wp\/v2\/pages\/1006","targetHints":{"allow":["GET"]}}],"collection":[{"href":"https:\/\/kulturtage-poing.de\/index.php?rest_route=\/wp\/v2\/pages"}],"about":[{"href":"https:\/\/kulturtage-poing.de\/index.php?rest_route=\/wp\/v2\/types\/page"}],"author":[{"embeddable":true,"href":"https:\/\/kulturtage-poing.de\/index.php?rest_route=\/wp\/v2\/users\/1"}],"replies":[{"embeddable":true,"href":"https:\/\/kulturtage-poing.de\/index.php?rest_route=%2Fwp%2Fv2%2Fcomments&post=1006"}],"version-history":[{"count":1,"href":"https:\/\/kulturtage-poing.de\/index.php?rest_route=\/wp\/v2\/pages\/1006\/revisions"}],"predecessor-version":[{"id":1007,"href":"https:\/\/kulturtage-poing.de\/index.php?rest_route=\/wp\/v2\/pages\/1006\/revisions\/1007"}],"wp:attachment":[{"href":"https:\/\/kulturtage-poing.de\/index.php?rest_route=%2Fwp%2Fv2%2Fmedia&parent=1006"}],"curies":[{"name":"wp","href":"https:\/\/api.w.org\/{rel}","templated":true}]}}