{"id":102,"date":"2013-11-27T18:26:58","date_gmt":"2013-11-27T16:26:58","guid":{"rendered":"http:\/\/kulturtage-poing.de\/?page_id=102"},"modified":"2018-05-25T11:41:11","modified_gmt":"2018-05-25T09:41:11","slug":"impressum","status":"publish","type":"page","link":"https:\/\/kulturtage-poing.de\/?page_id=102","title":{"rendered":"Impressum"},"content":{"rendered":"<p>Domain: <a href=\"http:\/\/www.haissl.de\/\">http:\/\/www.Kulturtage-Poing.de<\/a><\/p>\n<p>&nbsp;<\/p>\n<hr \/>\n<p><strong>Fragen zum Verein:<\/strong><\/p>\n<p>Cornelia G\u00fctlich<br \/>\nWelfenstra\u00dfe 27, D &#8211; 85586 Poing<br \/>\nEmail: \u00a0 \u00a0 \u00a0 <a href=\"mailto:Cornelia.Guetlich@Kulturtage-Poing.de\">Cornelia.Guetlich@Kulturtage-Poing.de<\/a><\/p>\n<p>&nbsp;<\/p>\n<hr \/>\n<p><strong>Umsetzung und Admistration:<\/strong><\/p>\n<p>Markus Brennh\u00e4u\u00dfer<br \/>\nEckartstra\u00dfe 11a, D &#8211; 85586 Poing<br \/>\nEmail: \u00a0 \u00a0 \u00a0 <a href=\"mailto:webmaster@Kulturtage-Poing.de\">webmaster@Kulturtage-Poing.de<\/a><\/p>\n<hr \/>\n<p><strong>Urheberrechte<\/strong><br \/>\nAlle Texte, Fotos und Gestaltungselemente dieser Website sind f\u00fcr den Anbieter dieser Website urheberrechtlich gesch\u00fctzt, falls nicht ein anderer Urheberrechtsinhaber oder Verwertungsberechtigter angegeben ist.<\/p>\n<p>Jede Verwertung ohne Zustimmung des Urheberrechtsinhabers oder des Anbieters dieser Website ist unzul\u00e4ssig. Sofern als Urheberrechtsinhaber oder Verwertungsberechtigter ein Dritter angegeben ist, m\u00fcssen die Verwertungsrechte vor entsprechender Nutzung von diesem erworben werden.<\/p>\n<hr \/>\n<p><strong>Disclaimer<\/strong><br \/>\nNachfolgender Haftungsausschluss ist als Teil unseres Internetangebotes zu betrachten.<br \/>\nF\u00fcr alle Links auf dieser Websites gilt, dass wir keinerlei Einfluss auf die Gestaltung und die Inhalte der verlinkten Websites haben. Wir \u00fcbernehmen somit keinerlei Verantwortung f\u00fcr Inhalt und Gestaltung dieser Websites.<br \/>\nWir sind um die Korrektheit der bereitgestellten Informationen und Daten bem\u00fcht. Eine Haftung oder Garantie f\u00fcr die Aktualit\u00e4t, Korrektheit und Vollst\u00e4ndigkeit der zur Verf\u00fcgung gestellten Informationen wird jedoch nicht \u00fcbernommen.<br \/>\nHaftungsanspr\u00fcche gegen den Anbieter, welche sich auf Sch\u00e4den materieller oder ideeller Art beziehen, die durch die Nutzung oder Nichtnutzung der dargebotenen Informationen verursacht wurden, sind ausgeschlossen.<br \/>\nDer Anbieter beh\u00e4lt sich vor, jederzeit und ohne vorherige Ank\u00fcndigung, \u00c4nderungen oder Erg\u00e4nzungen der bereitgestellten Informationen oder Daten vorzunehmen oder die Website vollst\u00e4ndig offline zu nehmen.<br \/>\nSofern Teile oder einzelne Formulierungen dieses Textes der geltenden Rechtslage nicht, nicht mehr oder nicht vollst\u00e4ndig entsprechen, bleiben die \u00fcbrigen Teile des Textes in ihrem Inhalt und ihrer G\u00fcltigkeit unber\u00fchrt.<\/p>\n","protected":false},"excerpt":{"rendered":"<p>Domain: http:\/\/www.Kulturtage-Poing.de &nbsp; Fragen zum Verein: Cornelia G\u00fctlich Welfenstra\u00dfe 27, D &#8211; 85586 Poing Email: \u00a0 \u00a0 \u00a0 Cornelia.Guetlich@Kulturtage-Poing.de &nbsp; Umsetzung und Admistration: Markus Brennh\u00e4u\u00dfer Eckartstra\u00dfe 11a, D &#8211; 85586 Poing Email: \u00a0 \u00a0 \u00a0 webmaster@Kulturtage-Poing.de Urheberrechte Alle Texte, Fotos und Gestaltungselemente dieser Website sind f\u00fcr den Anbieter dieser Website urheberrechtlich gesch\u00fctzt, falls nicht ein [&hellip;]<\/p>\n","protected":false},"author":1,"featured_media":0,"parent":0,"menu_order":99,"comment_status":"closed","ping_status":"closed","template":"","meta":{"footnotes":""},"class_list":["post-102","page","type-page","status-publish","czr-hentry"],"_links":{"self":[{"href":"https:\/\/kulturtage-poing.de\/index.php?rest_route=\/wp\/v2\/pages\/102","targetHints":{"allow":["GET"]}}],"collection":[{"href":"https:\/\/kulturtage-poing.de\/index.php?rest_route=\/wp\/v2\/pages"}],"about":[{"href":"https:\/\/kulturtage-poing.de\/index.php?rest_route=\/wp\/v2\/types\/page"}],"author":[{"embeddable":true,"href":"https:\/\/kulturtage-poing.de\/index.php?rest_route=\/wp\/v2\/users\/1"}],"replies":[{"embeddable":true,"href":"https:\/\/kulturtage-poing.de\/index.php?rest_route=%2Fwp%2Fv2%2Fcomments&post=102"}],"version-history":[{"count":7,"href":"https:\/\/kulturtage-poing.de\/index.php?rest_route=\/wp\/v2\/pages\/102\/revisions"}],"predecessor-version":[{"id":811,"href":"https:\/\/kulturtage-poing.de\/index.php?rest_route=\/wp\/v2\/pages\/102\/revisions\/811"}],"wp:attachment":[{"href":"https:\/\/kulturtage-poing.de\/index.php?rest_route=%2Fwp%2Fv2%2Fmedia&parent=102"}],"curies":[{"name":"wp","href":"https:\/\/api.w.org\/{rel}","templated":true}]}}