{"id":1362,"date":"2022-09-07T11:41:28","date_gmt":"2022-09-07T09:41:28","guid":{"rendered":"http:\/\/kulturtage-poing.de\/?page_id=1362"},"modified":"2022-10-19T16:10:16","modified_gmt":"2022-10-19T14:10:16","slug":"kulturtage-2022","status":"publish","type":"page","link":"https:\/\/kulturtage-poing.de\/?page_id=1362","title":{"rendered":"Kulturtage 2022"},"content":{"rendered":"\n<figure class=\"wp-block-table is-style-regular\"><table><tbody><tr><td><strong>14.10.2022<\/strong><br><strong>19:30 Uhr<\/strong><br>Einlass:<br>18:30 Uhr<\/td><td><img loading=\"lazy\" decoding=\"async\" width=\"500\" height=\"500\" class=\"wp-image-1364\" style=\"width: 500px;\" src=\"http:\/\/kulturtage-poing.de\/wp-content\/uploads\/2022\/09\/image.png\" alt=\"\" srcset=\"https:\/\/kulturtage-poing.de\/wp-content\/uploads\/2022\/09\/image.png 283w, https:\/\/kulturtage-poing.de\/wp-content\/uploads\/2022\/09\/image-150x150.png 150w\" sizes=\"auto, (max-width: 500px) 100vw, 500px\" \/><\/td><td>Aula, Gruber Str. 4, Poing<\/td><td class=\"has-text-align-center\" data-align=\"center\">&nbsp;<strong>\u201eAdel verpachtet\u201c<\/strong><br>von Klaus Mitschke unter der k\u00fcnstlerischen Leitung von Michael G\u00fctlich, mit Schauspielerinnen und Schauspielern aus Poing und Umgebung. Lassen Sie sich \u00fcberraschen!<\/td><\/tr><tr><td><br><strong>15.10.2022<\/strong><br><strong>19:30 Uhr<\/strong><br>Einlass:<br>18:30 Uhr<br><\/td><td><br><br><img loading=\"lazy\" decoding=\"async\" width=\"500\" height=\"500\" class=\"wp-image-489\" style=\"width: 500px;\" src=\"http:\/\/kulturtage-poing.de\/wp-content\/uploads\/2014\/05\/kulturtage-poing-buehne.png\" alt=\"\" srcset=\"https:\/\/kulturtage-poing.de\/wp-content\/uploads\/2014\/05\/kulturtage-poing-buehne.png 283w, https:\/\/kulturtage-poing.de\/wp-content\/uploads\/2014\/05\/kulturtage-poing-buehne-150x150.png 150w\" sizes=\"auto, (max-width: 500px) 100vw, 500px\" \/><br><br><\/td><td>Aula, Gruber Str. 4, Poing<br><br><\/td><td class=\"has-text-align-center\" data-align=\"center\"><strong><a href=\"http:\/\/kulturtage-poing.de\/?page_id=883\">\u201e<\/a>Gl\u00fcckliche Reise<a href=\"http:\/\/kulturtage-poing.de\/?page_id=883\">\u201c<\/a> &#8211; durch Operette und Musical<br><\/strong>beschwingte Melodien aus der Welt der Operette und des Musical mit Barbara Sauter (Mezzosopran), Richard Wiedl (Tenor), Tobias Pf\u00fclb (Bass) und dem Petershausener Kammerorchester unter der Leitung von Eugen Tluck, sowie der Ballettschule des Familienzentrums Poing unter der Leitung von Regina R\u00fcger,<br>Moderation: Cornelia G\u00fctlich<\/td><\/tr><tr><td><strong>16.10.2022<\/strong><br><strong>18:00 Uhr<\/strong><br>Einlass:<br>17:00 Uhr<\/td><td><img loading=\"lazy\" decoding=\"async\" width=\"150\" height=\"173\" class=\"wp-image-1435\" style=\"width: 150px;\" src=\"http:\/\/kulturtage-poing.de\/wp-content\/uploads\/2022\/09\/Christian_Springer_\u00a9Sina-Maria_Schweikle-scaled.jpg\" alt=\"\" srcset=\"https:\/\/kulturtage-poing.de\/wp-content\/uploads\/2022\/09\/Christian_Springer_\u00a9Sina-Maria_Schweikle-scaled.jpg 2224w, https:\/\/kulturtage-poing.de\/wp-content\/uploads\/2022\/09\/Christian_Springer_\u00a9Sina-Maria_Schweikle-261x300.jpg 261w, https:\/\/kulturtage-poing.de\/wp-content\/uploads\/2022\/09\/Christian_Springer_\u00a9Sina-Maria_Schweikle-890x1024.jpg 890w, https:\/\/kulturtage-poing.de\/wp-content\/uploads\/2022\/09\/Christian_Springer_\u00a9Sina-Maria_Schweikle-768x884.jpg 768w, https:\/\/kulturtage-poing.de\/wp-content\/uploads\/2022\/09\/Christian_Springer_\u00a9Sina-Maria_Schweikle-1334x1536.jpg 1334w, https:\/\/kulturtage-poing.de\/wp-content\/uploads\/2022\/09\/Christian_Springer_\u00a9Sina-Maria_Schweikle-1779x2048.jpg 1779w\" sizes=\"auto, (max-width: 150px) 100vw, 150px\" \/><\/td><td>Aula, Gruber Str. 4, Poing                                                                                  <\/td><td class=\"has-text-align-center\" data-align=\"center\">Kabarettabend mit Christian Springer &#8211; <strong><em>mit seinem aktuellen Programm &#8222;NICHT EGAL&#8220;<\/em><\/strong>&#8211;  Ich mische mich gerne ein in das, was geschieht. Wenn jemand schreibt: \u201eDas, was Christian Springer unter Kabarett versteht, geht meilenweit \u00fcber das gesprochene Wort hinaus. Denn er steckt selbst mittendrin im Geschehen und gilt als der engagierteste deutsche Kabarettist.\u201c Dann lese ich das gern. Aber so hat das noch niemand geschrieben. Egal? Nicht egal? Ich habe meinen B\u00fchnenberuf gestartet als kleiner S\u00e4nger im Kinderchor der M\u00fcnchner Oper. Seitdem wei\u00df ich, das wir einen enormen Vorteil haben gegen\u00fcber den meisten Menschen auf dieser Erde. Denn die haben keine Oper, auch keinen Chor. Meistens gar nichts. Und das ist viel zu oft egal. Ist es nicht. Mir nicht. Auch darum geht\u2019s im aktuellen Programm. Und wenn ich gro\u00df bin, werde ich Influencer.<\/td><\/tr><tr><td><strong>21.10.2022<\/strong><br><strong>19:30 Uhr<\/strong><br>Einlass: <br>19:00 Uhr<\/td><td><img loading=\"lazy\" decoding=\"async\" width=\"150\" height=\"100\" class=\"wp-image-1469\" style=\"width: 150px;\" src=\"http:\/\/kulturtage-poing.de\/wp-content\/uploads\/2022\/09\/P1040167-scaled.jpg\" alt=\"\" srcset=\"https:\/\/kulturtage-poing.de\/wp-content\/uploads\/2022\/09\/P1040167-scaled.jpg 2560w, https:\/\/kulturtage-poing.de\/wp-content\/uploads\/2022\/09\/P1040167-300x200.jpg 300w, https:\/\/kulturtage-poing.de\/wp-content\/uploads\/2022\/09\/P1040167-1024x683.jpg 1024w, https:\/\/kulturtage-poing.de\/wp-content\/uploads\/2022\/09\/P1040167-768x512.jpg 768w, https:\/\/kulturtage-poing.de\/wp-content\/uploads\/2022\/09\/P1040167-1536x1024.jpg 1536w, https:\/\/kulturtage-poing.de\/wp-content\/uploads\/2022\/09\/P1040167-2048x1365.jpg 2048w\" sizes=\"auto, (max-width: 150px) 100vw, 150px\" \/><\/td><td>Unverpacktladen \u201eBunte Bohne\u201c Marktstra\u00dfe 5a, Poing<\/td><td class=\"has-text-align-center\" data-align=\"center\"><strong>Literarischer Abend: mit dem Poinger Autorenehepaar Iny Lorentz<\/strong><br>Zu h\u00f6ren sein werden Ausschnitte aus dem am 3. Oktober 2022 erscheinenden Buch <strong>&#8222;Ritter Constance&#8220;,<\/strong> das nach mehreren Recherchereisen u.a. nach Jordanien und Israel entstanden ist.<\/td><\/tr><tr><td><strong>22.10.2022<\/strong><br><strong>19:00 Uhr<\/strong><br>Einlass:<br>18:00 Uhr <\/td><td><img loading=\"lazy\" decoding=\"async\" width=\"500\" height=\"498\" class=\"wp-image-589\" style=\"width: 500px;\" src=\"http:\/\/kulturtage-poing.de\/wp-content\/uploads\/2014\/05\/kulturtage-poing-tanz.png\" alt=\"\" srcset=\"https:\/\/kulturtage-poing.de\/wp-content\/uploads\/2014\/05\/kulturtage-poing-tanz.png 283w, https:\/\/kulturtage-poing.de\/wp-content\/uploads\/2014\/05\/kulturtage-poing-tanz-150x150.png 150w\" sizes=\"auto, (max-width: 500px) 100vw, 500px\" \/><\/td><td>Aula, Gruber Str. 4, Poing<br>     <mark style=\"background-color:rgba(0, 0, 0, 0)\" class=\"has-inline-color has-vivid-red-color\"> <\/mark><strong><span style=\"text-decoration: underline;\"><mark style=\"background-color:rgba(0, 0, 0, 0);color:#ea0a0a\" class=\"has-inline-color\">ABGESAGT<\/mark><\/span><\/strong><\/td><td class=\"has-text-align-center\" data-align=\"center\"><strong>\u201eBei uns dahoam\u201c &#8211; a bayrischer Abend mit Poinger Vereinen<\/strong> <br><strong>Moderation: Christian Falterer <\/strong>\u201eBei uns dahoam\u201c \u2013 da werd g\u2018spuilt, g\u2018sunga, g\u2018tanzt und a g\u2019red \u2013 mit dabei ist die Tanzlmusik der Musikkapelle Poing, u.a. <br><\/td><\/tr><tr><td><strong>23.10.2022<br>11:00 Uhr<\/strong><br>Einlass:<br>10:30 Uhr<\/td><td><img loading=\"lazy\" decoding=\"async\" width=\"500\" height=\"498\" class=\"wp-image-487\" style=\"width: 500px;\" src=\"http:\/\/kulturtage-poing.de\/wp-content\/uploads\/2014\/05\/kulturtage-poing-ballett.png\" alt=\"\" srcset=\"https:\/\/kulturtage-poing.de\/wp-content\/uploads\/2014\/05\/kulturtage-poing-ballett.png 284w, https:\/\/kulturtage-poing.de\/wp-content\/uploads\/2014\/05\/kulturtage-poing-ballett-150x150.png 150w\" sizes=\"auto, (max-width: 500px) 100vw, 500px\" \/><\/td><td>Dreifachturnhalle,<br>Plieninger Str. 22, Poing<\/td><td class=\"has-text-align-center\" data-align=\"center\"><strong>Ballettmatin\u00e9e unter der Schirmherrschaft von Doris Rauscher, MdL<br><\/strong>mit der Ballettschule des Familienzentrums Poing. Unter der Leitung von Regina R\u00fcger \u00fcben die Ballettm\u00e4dchen der Ballettschule und fiebern ihrem gro\u00dfen Auftritt entgegen \u2013 lassen Sie sich das nicht entgehen, Sie werden begeistert sein.<\/td><\/tr><tr><td><strong>23.10.2022<br>18:00 Uhr<\/strong><br>Einlass: <br>17:00 Uhr<\/td><td><img loading=\"lazy\" decoding=\"async\" width=\"500\" height=\"500\" class=\"wp-image-1364\" style=\"width: 500px;\" src=\"http:\/\/kulturtage-poing.de\/wp-content\/uploads\/2022\/09\/image.png\" alt=\"\" srcset=\"https:\/\/kulturtage-poing.de\/wp-content\/uploads\/2022\/09\/image.png 283w, https:\/\/kulturtage-poing.de\/wp-content\/uploads\/2022\/09\/image-150x150.png 150w\" sizes=\"auto, (max-width: 500px) 100vw, 500px\" \/><\/td><td>Aula, Gruber Str. 4, Poing<br><br>       <mark style=\"background-color:rgba(0, 0, 0, 0)\" class=\"has-inline-color has-vivid-red-color\"> <\/mark><strong><span style=\"text-decoration: underline;\"><mark style=\"background-color:rgba(0, 0, 0, 0);color:#ea0a0a\" class=\"has-inline-color\">ABGESAGT<\/mark><\/span><\/strong><\/td><td class=\"has-text-align-center\" data-align=\"center\"><strong>\u201eAdel verpachtet\u201c<\/strong><br>von Klaus Mitschke unter der k\u00fcnstlerischen Leitung von Michael G\u00fctlich, mit Schauspielerinnen und Schauspielern aus Poing und Umgebung. Lassen Sie sich \u00fcberraschen!<\/td><\/tr><\/tbody><\/table><\/figure>\n\n\n\n<p>Hier finden Sie in k\u00fcrze den Flyer des Programms 2022 zum Downloaden: Flyer_Kulturtage 2022<\/p>\n","protected":false},"excerpt":{"rendered":"<p>14.10.202219:30 UhrEinlass:18:30 Uhr Aula, Gruber Str. 4, Poing &nbsp;\u201eAdel verpachtet\u201cvon Klaus Mitschke unter der k\u00fcnstlerischen Leitung von Michael G\u00fctlich, mit Schauspielerinnen und Schauspielern aus Poing und Umgebung. Lassen Sie sich \u00fcberraschen! 15.10.202219:30 UhrEinlass:18:30 Uhr Aula, Gruber Str. 4, Poing \u201eGl\u00fcckliche Reise\u201c &#8211; durch Operette und Musicalbeschwingte Melodien aus der Welt der Operette und des Musical [&hellip;]<\/p>\n","protected":false},"author":2,"featured_media":0,"parent":0,"menu_order":0,"comment_status":"closed","ping_status":"closed","template":"","meta":{"footnotes":""},"class_list":["post-1362","page","type-page","status-publish","czr-hentry"],"_links":{"self":[{"href":"https:\/\/kulturtage-poing.de\/index.php?rest_route=\/wp\/v2\/pages\/1362","targetHints":{"allow":["GET"]}}],"collection":[{"href":"https:\/\/kulturtage-poing.de\/index.php?rest_route=\/wp\/v2\/pages"}],"about":[{"href":"https:\/\/kulturtage-poing.de\/index.php?rest_route=\/wp\/v2\/types\/page"}],"author":[{"embeddable":true,"href":"https:\/\/kulturtage-poing.de\/index.php?rest_route=\/wp\/v2\/users\/2"}],"replies":[{"embeddable":true,"href":"https:\/\/kulturtage-poing.de\/index.php?rest_route=%2Fwp%2Fv2%2Fcomments&post=1362"}],"version-history":[{"count":9,"href":"https:\/\/kulturtage-poing.de\/index.php?rest_route=\/wp\/v2\/pages\/1362\/revisions"}],"predecessor-version":[{"id":1489,"href":"https:\/\/kulturtage-poing.de\/index.php?rest_route=\/wp\/v2\/pages\/1362\/revisions\/1489"}],"wp:attachment":[{"href":"https:\/\/kulturtage-poing.de\/index.php?rest_route=%2Fwp%2Fv2%2Fmedia&parent=1362"}],"curies":[{"name":"wp","href":"https:\/\/api.w.org\/{rel}","templated":true}]}}