{"id":1381,"date":"2022-09-22T13:15:30","date_gmt":"2022-09-22T11:15:30","guid":{"rendered":"http:\/\/kulturtage-poing.de\/?page_id=1381"},"modified":"2022-09-22T13:15:32","modified_gmt":"2022-09-22T11:15:32","slug":"glueckliche-reise","status":"publish","type":"page","link":"https:\/\/kulturtage-poing.de\/?page_id=1381","title":{"rendered":"&#8222;Gl\u00fcckliche Reise&#8220;"},"content":{"rendered":"<div class=\"wp-block-image\">\n<figure class=\"alignleft size-full is-resized\"><a href=\"http:\/\/kulturtage-poing.de\/wp-content\/uploads\/2014\/05\/Opernabend2016.jpg\"><img loading=\"lazy\" decoding=\"async\" src=\"http:\/\/kulturtage-poing.de\/wp-content\/uploads\/2014\/05\/Opernabend2016.jpg\" alt=\"\" class=\"wp-image-629\" width=\"404\" height=\"226\"\/><\/a><\/figure>\n<\/div>\n\n\n<p><strong>&#8222;Gl\u00fcckliche Reise &#8211; durch Operette &amp; Musical&#8220;<\/strong><\/p>\n\n\n\n<p>So lautet das Motto des zweiten Abends der Kulturtage und genau das verspricht er auch!<br>Nirgends k\u00f6nnen sie sch\u00f6ner Tr\u00e4umen und sich in fremde Welten entf\u00fchren lassen, als in der Welt des Musicals und der Operette.<br>Lassen Sie sich hinrei\u00dfen von bekannten und beliebten Musical- und Operettenmelodien und witzigen Dialogen und Szenen.<\/p>\n\n\n\n<p>Lernen Sie von Eduard K\u00fcnneke, Melodien wie \u201eKomm mit nach Madeira\u201c und \u201eStrahlender Mond\u201c mal pers\u00f6nlich kennen, entdecken Sie die Geheimnisse der \u201eMarietta\u201c und schnuppern Sie an der \u201eBlume von Hawaii\u201c.<\/p>\n\n\n\n<p>Barbara Sauter, Mezzosopran und Richard Wiedl, Tenor haben das Poinger Publikum schon mehrfach mit Operettenmelodien, schauspielerischem K\u00f6nnen und einer gro\u00dfen Portion Humor begeistert. Auch in diesem Jahr sind sie wieder dabei und dieses Mal werden sie tatkr\u00e4ftig von Tobias Pf\u00fclb, Bass unterst\u00fctzt.<br>Musikalisch begleitet werden unsere Solisten in bew\u00e4hrter Manier vom Petershausener Kammerorchester unter der Leitung von Eugen Tluck.<\/p>\n\n\n\n<p>Die Ballettschule des Familienzentrums Poing unter Leitung von Regina R\u00fcger sorgt au\u00dferdem f\u00fcr Highlights unter anderem mit dem \u201eCanCan\u201c aus \u201eOrpheus in der Unterwelt\u201c.<br><strong>Notieren Sie sich schon heute den 15.10.2022 in Ihrem Kalender und lassen Sie sich dieses Feuerwerk der Unterhaltung nicht entgehen!<\/strong><\/p>\n","protected":false},"excerpt":{"rendered":"<p>&#8222;Gl\u00fcckliche Reise &#8211; durch Operette &amp; Musical&#8220; So lautet das Motto des zweiten Abends der Kulturtage und genau das verspricht er auch!Nirgends k\u00f6nnen sie sch\u00f6ner Tr\u00e4umen und sich in fremde Welten entf\u00fchren lassen, als in der Welt des Musicals und der Operette.Lassen Sie sich hinrei\u00dfen von bekannten und beliebten Musical- und Operettenmelodien und witzigen Dialogen [&hellip;]<\/p>\n","protected":false},"author":2,"featured_media":0,"parent":0,"menu_order":0,"comment_status":"closed","ping_status":"closed","template":"","meta":{"footnotes":""},"class_list":["post-1381","page","type-page","status-publish","czr-hentry"],"_links":{"self":[{"href":"https:\/\/kulturtage-poing.de\/index.php?rest_route=\/wp\/v2\/pages\/1381","targetHints":{"allow":["GET"]}}],"collection":[{"href":"https:\/\/kulturtage-poing.de\/index.php?rest_route=\/wp\/v2\/pages"}],"about":[{"href":"https:\/\/kulturtage-poing.de\/index.php?rest_route=\/wp\/v2\/types\/page"}],"author":[{"embeddable":true,"href":"https:\/\/kulturtage-poing.de\/index.php?rest_route=\/wp\/v2\/users\/2"}],"replies":[{"embeddable":true,"href":"https:\/\/kulturtage-poing.de\/index.php?rest_route=%2Fwp%2Fv2%2Fcomments&post=1381"}],"version-history":[{"count":2,"href":"https:\/\/kulturtage-poing.de\/index.php?rest_route=\/wp\/v2\/pages\/1381\/revisions"}],"predecessor-version":[{"id":1383,"href":"https:\/\/kulturtage-poing.de\/index.php?rest_route=\/wp\/v2\/pages\/1381\/revisions\/1383"}],"wp:attachment":[{"href":"https:\/\/kulturtage-poing.de\/index.php?rest_route=%2Fwp%2Fv2%2Fmedia&parent=1381"}],"curies":[{"name":"wp","href":"https:\/\/api.w.org\/{rel}","templated":true}]}}