{"id":1434,"date":"2022-09-23T09:56:08","date_gmt":"2022-09-23T07:56:08","guid":{"rendered":"http:\/\/kulturtage-poing.de\/?page_id=1434"},"modified":"2022-09-23T10:25:29","modified_gmt":"2022-09-23T08:25:29","slug":"nicht-egal","status":"publish","type":"page","link":"https:\/\/kulturtage-poing.de\/?page_id=1434","title":{"rendered":"&#8222;nicht egal&#8220;"},"content":{"rendered":"\n<h3 class=\"wp-block-heading\">Kabarettabend mit Christian Springer<\/h3>\n\n\n<div class=\"wp-block-image is-style-default\">\n<figure class=\"alignleft size-medium is-resized\"><a href=\"http:\/\/kulturtage-poing.de\/wp-content\/uploads\/2022\/09\/Christian_Springer_\u00a9Sina-Maria_Schweikle-scaled.jpg\"><img loading=\"lazy\" decoding=\"async\" src=\"http:\/\/kulturtage-poing.de\/wp-content\/uploads\/2022\/09\/Christian_Springer_\u00a9Sina-Maria_Schweikle-261x300.jpg\" alt=\"\" class=\"wp-image-1435\" width=\"196\" height=\"225\" srcset=\"https:\/\/kulturtage-poing.de\/wp-content\/uploads\/2022\/09\/Christian_Springer_\u00a9Sina-Maria_Schweikle-261x300.jpg 261w, https:\/\/kulturtage-poing.de\/wp-content\/uploads\/2022\/09\/Christian_Springer_\u00a9Sina-Maria_Schweikle-890x1024.jpg 890w, https:\/\/kulturtage-poing.de\/wp-content\/uploads\/2022\/09\/Christian_Springer_\u00a9Sina-Maria_Schweikle-768x884.jpg 768w, https:\/\/kulturtage-poing.de\/wp-content\/uploads\/2022\/09\/Christian_Springer_\u00a9Sina-Maria_Schweikle-1334x1536.jpg 1334w, https:\/\/kulturtage-poing.de\/wp-content\/uploads\/2022\/09\/Christian_Springer_\u00a9Sina-Maria_Schweikle-1779x2048.jpg 1779w\" sizes=\"auto, (max-width: 196px) 100vw, 196px\" \/><\/a><\/figure>\n<\/div>\n\n\n<p>Ich bin bekennender Nichtradfahrer. Das ist nicht wichtig f\u00fcr das Programm. Obwohl. Wer teilt die Welt eigentlich morgens immer ein in: wichtig und nicht wichtig? Und abends steigt die ganze Welt unzufrieden ins Bett, weil es so viel Grausiges gibt, weil es so viele Trottel gibt, und weil es so viele gibt, die behaupten, sie wissen wie es geht. Die Klugscheisser dieser Welt wissen immer, wo der Hammer h\u00e4ngt und was effektiv ist. Ich wei\u00df meistens nicht, wo mein Hammer liegt, geschweige denn der dazugeh\u00f6rige Nagel. Das ist nun wirklich egal. Aber da drau\u00dfen gibt es Dinge, die sind eben nicht egal. Und dar\u00fcber erz\u00e4hle ich. Im besten Fall in einer Mischung aus Feinheit und Bosheit. Und wenn es gar nicht mehr auszuhalten ist, muss die sprachliche Keule her. Ich mische mich gerne ein in das, was geschieht. Wenn jemand schreibt: \u201eDas, was Christian Springer unter Kabarett versteht, geht meilenweit \u00fcber das gesprochene Wort hinaus. Denn er steckt selbst mittendrin im Geschehen und gilt als der engagierteste deutsche Kabarettist.\u201c Dann lese ich das gern. Aber so hat das noch niemand geschrieben. Egal? Nicht egal? Ich habe meinen B\u00fchnenberuf gestartet als kleiner S\u00e4nger im Kinderchor der M\u00fcnchner Oper. Seitdem wei\u00df ich, das wir einen enormen Vorteil haben gegen\u00fcber den meisten Menschen auf dieser Erde. Denn die haben keine Oper, auch keinen Chor. Meistens gar nichts. Und das ist viel zu oft egal. Ist es nicht. Mir nicht. Auch darum geht\u2019s im aktuellen Programm. Und wenn ich gro\u00df bin, werde ich Influencer.<\/p>\n","protected":false},"excerpt":{"rendered":"<p>Kabarettabend mit Christian Springer Ich bin bekennender Nichtradfahrer. Das ist nicht wichtig f\u00fcr das Programm. Obwohl. Wer teilt die Welt eigentlich morgens immer ein in: wichtig und nicht wichtig? Und abends steigt die ganze Welt unzufrieden ins Bett, weil es so viel Grausiges gibt, weil es so viele Trottel gibt, und weil es so viele [&hellip;]<\/p>\n","protected":false},"author":2,"featured_media":0,"parent":0,"menu_order":0,"comment_status":"closed","ping_status":"closed","template":"","meta":{"footnotes":""},"class_list":["post-1434","page","type-page","status-publish","czr-hentry"],"_links":{"self":[{"href":"https:\/\/kulturtage-poing.de\/index.php?rest_route=\/wp\/v2\/pages\/1434","targetHints":{"allow":["GET"]}}],"collection":[{"href":"https:\/\/kulturtage-poing.de\/index.php?rest_route=\/wp\/v2\/pages"}],"about":[{"href":"https:\/\/kulturtage-poing.de\/index.php?rest_route=\/wp\/v2\/types\/page"}],"author":[{"embeddable":true,"href":"https:\/\/kulturtage-poing.de\/index.php?rest_route=\/wp\/v2\/users\/2"}],"replies":[{"embeddable":true,"href":"https:\/\/kulturtage-poing.de\/index.php?rest_route=%2Fwp%2Fv2%2Fcomments&post=1434"}],"version-history":[{"count":4,"href":"https:\/\/kulturtage-poing.de\/index.php?rest_route=\/wp\/v2\/pages\/1434\/revisions"}],"predecessor-version":[{"id":1457,"href":"https:\/\/kulturtage-poing.de\/index.php?rest_route=\/wp\/v2\/pages\/1434\/revisions\/1457"}],"wp:attachment":[{"href":"https:\/\/kulturtage-poing.de\/index.php?rest_route=%2Fwp%2Fv2%2Fmedia&parent=1434"}],"curies":[{"name":"wp","href":"https:\/\/api.w.org\/{rel}","templated":true}]}}