{"id":1445,"date":"2022-09-23T10:13:40","date_gmt":"2022-09-23T08:13:40","guid":{"rendered":"http:\/\/kulturtage-poing.de\/?page_id=1445"},"modified":"2022-09-23T10:13:41","modified_gmt":"2022-09-23T08:13:41","slug":"ritter-constance","status":"publish","type":"page","link":"https:\/\/kulturtage-poing.de\/?page_id=1445","title":{"rendered":"&#8222;Ritter Constance&#8220;"},"content":{"rendered":"<div class=\"wp-block-image\">\n<figure class=\"alignleft size-medium\"><a href=\"http:\/\/kulturtage-poing.de\/wp-content\/uploads\/2022\/09\/Constance-Cover-print-1.jpg\"><img loading=\"lazy\" decoding=\"async\" width=\"195\" height=\"300\" src=\"http:\/\/kulturtage-poing.de\/wp-content\/uploads\/2022\/09\/Constance-Cover-print-1-195x300.jpg\" alt=\"\" class=\"wp-image-1447\" srcset=\"https:\/\/kulturtage-poing.de\/wp-content\/uploads\/2022\/09\/Constance-Cover-print-1-195x300.jpg 195w, https:\/\/kulturtage-poing.de\/wp-content\/uploads\/2022\/09\/Constance-Cover-print-1-667x1024.jpg 667w, https:\/\/kulturtage-poing.de\/wp-content\/uploads\/2022\/09\/Constance-Cover-print-1-768x1179.jpg 768w, https:\/\/kulturtage-poing.de\/wp-content\/uploads\/2022\/09\/Constance-Cover-print-1-1000x1536.jpg 1000w, https:\/\/kulturtage-poing.de\/wp-content\/uploads\/2022\/09\/Constance-Cover-print-1-1334x2048.jpg 1334w, https:\/\/kulturtage-poing.de\/wp-content\/uploads\/2022\/09\/Constance-Cover-print-1.jpg 1600w\" sizes=\"auto, (max-width: 195px) 100vw, 195px\" \/><\/a><\/figure>\n<\/div>\n\n\n<h3 class=\"wp-block-heading\">Lesung von Iny Lorentz<\/h3>\n\n\n\n<p><\/p>\n\n\n\n<p>Im Mittelalter-Roman \u00bbRitter Constance\u00ab von Bestseller-Autorin Iny Lorentz reist Gr\u00e4fin Constance als Ritter verkleidet nach Pal\u00e4stina, um ihren Mann zu retten.<\/p>\n\n\n\n<p>Frankreich Ende des 12. Jahrhunderts: Nur wenige Wochen sind Constance, der Vize-Gr\u00e4fin von Laronne, an der Seite ihres geliebten Ehemannes Raoul verg\u00f6nnt, dann muss er dem Aufruf zum Kreuzzug nach Pal\u00e4stina Folge leisten. Kaiser Friedrich Barbarossa, K\u00f6nig Philippe II. August von Frankreich und K\u00f6nig Richard L\u00f6wenherz von England ziehen mit ihren Rittern aus, um Pal\u00e4stina und die Stadt Jerusalem von Sultan Saladin zur\u00fcck zu erobern.<\/p>\n\n\n\n<p>Als Constance erf\u00e4hrt, dass Raoul von einem rachs\u00fcchtigen Sarazenen-F\u00fcrsten gefangengenommen wurde, fasst sie einen ebenso k\u00fchnen wie gef\u00e4hrlichen Plan: Um ihren Ehemann zu retten, folgt sie ihm als angeblicher Kreuzritter ins Heilige Land. Die Verkleidung ist ihre einzige Chance auf eine sichere Reise, obwohl es als Verbrechen gegen die Gesetze Gottes schwer bestraft werden kann. In Jerusalem angekommen, ist eine Strafe von Kaiser oder Kirche jedoch bald Constances geringstes Problem \u2026<\/p>\n","protected":false},"excerpt":{"rendered":"<p>Lesung von Iny Lorentz Im Mittelalter-Roman \u00bbRitter Constance\u00ab von Bestseller-Autorin Iny Lorentz reist Gr\u00e4fin Constance als Ritter verkleidet nach Pal\u00e4stina, um ihren Mann zu retten. Frankreich Ende des 12. Jahrhunderts: Nur wenige Wochen sind Constance, der Vize-Gr\u00e4fin von Laronne, an der Seite ihres geliebten Ehemannes Raoul verg\u00f6nnt, dann muss er dem Aufruf zum Kreuzzug nach [&hellip;]<\/p>\n","protected":false},"author":2,"featured_media":0,"parent":0,"menu_order":0,"comment_status":"closed","ping_status":"closed","template":"","meta":{"footnotes":""},"class_list":["post-1445","page","type-page","status-publish","czr-hentry"],"_links":{"self":[{"href":"https:\/\/kulturtage-poing.de\/index.php?rest_route=\/wp\/v2\/pages\/1445","targetHints":{"allow":["GET"]}}],"collection":[{"href":"https:\/\/kulturtage-poing.de\/index.php?rest_route=\/wp\/v2\/pages"}],"about":[{"href":"https:\/\/kulturtage-poing.de\/index.php?rest_route=\/wp\/v2\/types\/page"}],"author":[{"embeddable":true,"href":"https:\/\/kulturtage-poing.de\/index.php?rest_route=\/wp\/v2\/users\/2"}],"replies":[{"embeddable":true,"href":"https:\/\/kulturtage-poing.de\/index.php?rest_route=%2Fwp%2Fv2%2Fcomments&post=1445"}],"version-history":[{"count":4,"href":"https:\/\/kulturtage-poing.de\/index.php?rest_route=\/wp\/v2\/pages\/1445\/revisions"}],"predecessor-version":[{"id":1451,"href":"https:\/\/kulturtage-poing.de\/index.php?rest_route=\/wp\/v2\/pages\/1445\/revisions\/1451"}],"wp:attachment":[{"href":"https:\/\/kulturtage-poing.de\/index.php?rest_route=%2Fwp%2Fv2%2Fmedia&parent=1445"}],"curies":[{"name":"wp","href":"https:\/\/api.w.org\/{rel}","templated":true}]}}