{"id":19,"date":"2013-07-01T17:43:35","date_gmt":"2013-07-01T16:43:35","guid":{"rendered":"http:\/\/kulturtage-poing.de\/?page_id=19"},"modified":"2026-02-25T17:31:49","modified_gmt":"2026-02-25T16:31:49","slug":"herzlich-willkommen","status":"publish","type":"page","link":"https:\/\/kulturtage-poing.de\/","title":{"rendered":"Herzlich Willkommen!"},"content":{"rendered":"\n<h2 class=\"wp-block-heading has-text-align-center\"><img loading=\"lazy\" decoding=\"async\" width=\"150\" height=\"150\" class=\"wp-image-2493\" style=\"width: 150px;\" src=\"http:\/\/kulturtage-poing.de\/wp-content\/uploads\/2026\/02\/tugdeyildirim1-nun-7103370_1280.png\" alt=\"\" srcset=\"https:\/\/kulturtage-poing.de\/wp-content\/uploads\/2026\/02\/tugdeyildirim1-nun-7103370_1280.png 1280w, https:\/\/kulturtage-poing.de\/wp-content\/uploads\/2026\/02\/tugdeyildirim1-nun-7103370_1280-300x300.png 300w, https:\/\/kulturtage-poing.de\/wp-content\/uploads\/2026\/02\/tugdeyildirim1-nun-7103370_1280-1024x1024.png 1024w, https:\/\/kulturtage-poing.de\/wp-content\/uploads\/2026\/02\/tugdeyildirim1-nun-7103370_1280-150x150.png 150w, https:\/\/kulturtage-poing.de\/wp-content\/uploads\/2026\/02\/tugdeyildirim1-nun-7103370_1280-768x768.png 768w\" sizes=\"auto, (max-width: 150px) 100vw, 150px\" \/> <strong>Nonnen gesucht! <\/strong><img loading=\"lazy\" decoding=\"async\" width=\"150\" height=\"150\" class=\"wp-image-2493\" style=\"width: 150px;\" src=\"http:\/\/kulturtage-poing.de\/wp-content\/uploads\/2026\/02\/tugdeyildirim1-nun-7103370_1280.png\" alt=\"\" srcset=\"https:\/\/kulturtage-poing.de\/wp-content\/uploads\/2026\/02\/tugdeyildirim1-nun-7103370_1280.png 1280w, https:\/\/kulturtage-poing.de\/wp-content\/uploads\/2026\/02\/tugdeyildirim1-nun-7103370_1280-300x300.png 300w, https:\/\/kulturtage-poing.de\/wp-content\/uploads\/2026\/02\/tugdeyildirim1-nun-7103370_1280-1024x1024.png 1024w, https:\/\/kulturtage-poing.de\/wp-content\/uploads\/2026\/02\/tugdeyildirim1-nun-7103370_1280-150x150.png 150w, https:\/\/kulturtage-poing.de\/wp-content\/uploads\/2026\/02\/tugdeyildirim1-nun-7103370_1280-768x768.png 768w\" sizes=\"auto, (max-width: 150px) 100vw, 150px\" \/><\/h2>\n\n\n\n<p>Neues Jahr, neues Gl\u00fcck und auch: neues Theaterst\u00fcck.<\/p>\n\n\n\n<p>Die Schauspielerinnen und Schauspieler freuen sich schon darauf, die Besucherinnen und Besucher in die Irrungen und Wirrungen einer Kom\u00f6die rund um Missverst\u00e4ndnisse und Verwechslungen zu entf\u00fchren.<\/p>\n\n\n\n<p>F\u00fcr dieses Projekt sind wir derzeit noch auf der Suche nach interessierten Statistinnen, damit in unser Kloster noch mehr Leben herrscht.<br><br>Wenn Sie also schon immer mal auf den Brettern, die die Welt bedeuten stehen wollten und ein bisschen Zeit \u00fcbrig haben, melden Sie sich gerne bei uns.<br>Trauen Sie sich, wir k\u00f6nnen Ihnen versprechen, es macht richtig Spa\u00df, Vorkenntnisse sind nicht n\u00f6tig.<\/p>\n\n\n\n<p>Interessierte wenden sich an Sabine G\u00fctlich unter 08121-71610, 0177-1402427 oder per Mail <a href=\"mailto:sabine.guetlich@kulturtage-poing.de\">sabine.guetlich@kulturtage-poing.de<\/a><\/p>\n\n\n\n<p class=\"has-text-align-center\">Herzliche Gr\u00fc\u00dfe<br>Cornelia G\u00fctlich, im Namen des Vorstands<\/p>\n\n\n\n<figure class=\"wp-block-image size-large\"><a href=\"http:\/\/kulturtage-poing.de\/wp-content\/uploads\/2026\/02\/KW-08_KTP.jpg\"><img loading=\"lazy\" decoding=\"async\" width=\"768\" height=\"1024\" src=\"http:\/\/kulturtage-poing.de\/wp-content\/uploads\/2026\/02\/KW-08_KTP-768x1024.jpg\" alt=\"\" class=\"wp-image-2492\" srcset=\"https:\/\/kulturtage-poing.de\/wp-content\/uploads\/2026\/02\/KW-08_KTP-768x1024.jpg 768w, https:\/\/kulturtage-poing.de\/wp-content\/uploads\/2026\/02\/KW-08_KTP-225x300.jpg 225w, https:\/\/kulturtage-poing.de\/wp-content\/uploads\/2026\/02\/KW-08_KTP-1152x1536.jpg 1152w, https:\/\/kulturtage-poing.de\/wp-content\/uploads\/2026\/02\/KW-08_KTP.jpg 1536w\" sizes=\"auto, (max-width: 768px) 100vw, 768px\" \/><\/a><\/figure>\n\n\n\n<p class=\"has-text-align-center\"><strong>Wenn Sie Anregungen oder Fragen haben, Lob oder Kritik loswerden m\u00f6chten \u2013 <\/strong><br><strong>schreiben Sie uns:&nbsp;<\/strong><a href=\"mailto:cornelia.guetlich@kulturtage-poing.de\"><strong>cornelia.guetlich@kulturtage-poing.de<\/strong><\/a><\/p>\n","protected":false},"excerpt":{"rendered":"<p>Nonnen gesucht! Neues Jahr, neues Gl\u00fcck und auch: neues Theaterst\u00fcck. Die Schauspielerinnen und Schauspieler freuen sich schon darauf, die Besucherinnen und Besucher in die Irrungen und Wirrungen einer Kom\u00f6die rund um Missverst\u00e4ndnisse und Verwechslungen zu entf\u00fchren. F\u00fcr dieses Projekt sind wir derzeit noch auf der Suche nach interessierten Statistinnen, damit in unser Kloster noch mehr [&hellip;]<\/p>\n","protected":false},"author":1,"featured_media":1824,"parent":0,"menu_order":0,"comment_status":"closed","ping_status":"closed","template":"","meta":{"footnotes":""},"class_list":["post-19","page","type-page","status-publish","has-post-thumbnail","czr-hentry"],"_links":{"self":[{"href":"https:\/\/kulturtage-poing.de\/index.php?rest_route=\/wp\/v2\/pages\/19","targetHints":{"allow":["GET"]}}],"collection":[{"href":"https:\/\/kulturtage-poing.de\/index.php?rest_route=\/wp\/v2\/pages"}],"about":[{"href":"https:\/\/kulturtage-poing.de\/index.php?rest_route=\/wp\/v2\/types\/page"}],"author":[{"embeddable":true,"href":"https:\/\/kulturtage-poing.de\/index.php?rest_route=\/wp\/v2\/users\/1"}],"replies":[{"embeddable":true,"href":"https:\/\/kulturtage-poing.de\/index.php?rest_route=%2Fwp%2Fv2%2Fcomments&post=19"}],"version-history":[{"count":230,"href":"https:\/\/kulturtage-poing.de\/index.php?rest_route=\/wp\/v2\/pages\/19\/revisions"}],"predecessor-version":[{"id":2494,"href":"https:\/\/kulturtage-poing.de\/index.php?rest_route=\/wp\/v2\/pages\/19\/revisions\/2494"}],"wp:featuredmedia":[{"embeddable":true,"href":"https:\/\/kulturtage-poing.de\/index.php?rest_route=\/wp\/v2\/media\/1824"}],"wp:attachment":[{"href":"https:\/\/kulturtage-poing.de\/index.php?rest_route=%2Fwp%2Fv2%2Fmedia&parent=19"}],"curies":[{"name":"wp","href":"https:\/\/api.w.org\/{rel}","templated":true}]}}