{"id":1933,"date":"2024-06-10T15:09:02","date_gmt":"2024-06-10T13:09:02","guid":{"rendered":"https:\/\/kulturtage-poing.de\/?page_id=1933"},"modified":"2024-06-10T15:58:41","modified_gmt":"2024-06-10T13:58:41","slug":"der-besuch-der-alten-dame","status":"publish","type":"page","link":"https:\/\/kulturtage-poing.de\/?page_id=1933","title":{"rendered":"Der Besuch der alten Dame"},"content":{"rendered":"\n<p><br><br><p class=\"MsoNormal\" style=\"mso-margin-top-alt:auto;mso-margin-bottom-alt:auto;\nline-height:normal\"><span style=\"font-size:12.0pt;font-family:&quot;Arial&quot;,sans-serif;\nbackground:white\">Die \u201etragische Kom\u00f6die\u201c des Schweizer Schriftstellers Friedrich D\u00fcrrenmatt ist zweifelsohne ein Klassiker.<\/span><\/p><\/p>\n\n\n\n<p><p class=\"MsoNormal\" style=\"mso-margin-top-alt:auto;mso-margin-bottom-alt:auto;\nline-height:normal\"><span style=\"font-size:12.0pt;font-family:&quot;Arial&quot;,sans-serif;\nbackground:white\"> Bei der Urauff\u00fchrung in Z\u00fcrich stand 1956 Therese Giehse auf der B\u00fchne, das St\u00fcck wurde ein Welterfolg und D\u00fcrrenmatt erlangte dadurch finanzielle Unabh\u00e4ngigkeit. <br>In bekannten Verfilmungen sieht man u.a. Gr\u00f6\u00dfen wie Elisabeth Flickenschildt, Ingrid Bergman, Anthony Quinn, Christiane H\u00f6rbiger, Michael Mendl und Muriel Baumeister. <br>Das Werk ist immer noch ein fester Bestandteil in vielen Deutschstunden in der Schule und genauso zuhause auf den Theaterb\u00fchnen in aller Welt. <br>Das St\u00fcck ist aktueller denn je, gesellschaftskritisch und so pointiert verfasst, dass es nahezu in jede Zeit passt. <\/span><\/p><p class=\"MsoNormal\" style=\"mso-margin-top-alt:auto;mso-margin-bottom-alt:auto;\nline-height:normal\"><span style=\"font-size:12.0pt;font-family:&quot;Arial&quot;,sans-serif;\nbackground:white\">D\u00fcrrenmatt verwendet in seinem Drama sowohl Motive der Trag\u00f6die als auch Mittel der Kom\u00f6die, sodass eine klassische Tragikom\u00f6die entsteht, die Anlass f\u00fcr G\u00e4nsehautmomente bietet, aber auch Szenen zum Lachen<br>bereith\u00e4lt. <\/span><\/p><p class=\"MsoNormal\" style=\"mso-margin-top-alt:auto;mso-margin-bottom-alt:auto;\nline-height:normal\"><span style=\"font-size:12.0pt;font-family:&quot;Arial&quot;,sans-serif;\nbackground:white\">Oftmals grotesk und sehr skurril in den Handlungsstr\u00e4ngen und all den unterschiedlichen Schaupl\u00e4tzen, braucht es viel Fantasie und gute Ideen f\u00fcr eine praktikable Umsetzung. Wir sind gespannt, wie Ihnen unsere Ideen und<br>unsere Umsetzung gef\u00e4llt, an der wir seit Beginn des Jahres mit unseren Schauspielerinnen und Schauspielern und dem weiteren Team um Regisseur Michael G\u00fctlich arbeiten. <\/span><\/p><\/p>\n\n\n\n<p><p class=\"MsoNormal\" style=\"mso-margin-top-alt:auto;mso-margin-bottom-alt:auto;\nline-height:normal\"><span style=\"font-size:12.0pt;font-family:&quot;Arial&quot;,sans-serif;\nbackground:white\">Zum 10j\u00e4hrigen Jubil\u00e4um haben wir uns gerne dieser Herausforderung gestellt und sind gespannt auf alle Begebenheiten, die sich in G\u00fcllen zutragen werden. <\/span><\/p><\/p>\n\n\n\n<p><p class=\"MsoNormal\" style=\"mso-margin-top-alt:auto;mso-margin-bottom-alt:auto;\nline-height:normal\"><span style=\"font-size:12.0pt;font-family:&quot;Arial&quot;,sans-serif;\nbackground:white\">Wir haben viel Spa\u00df beim Proben, Ausprobieren und Entdecken des St\u00fccks und hoffen, Sie sind neugierig genug, um mit uns auf eine Reise nach G\u00fcllen zu kommen\u2026 <br>Die Ankunft des Zuges und damit Beginn des St\u00fccks ist am Freitag, den <strong>11.10.2024 um 19.30 Uhr<\/strong>, der Bahnhof von G\u00fcllen befindet sich in der Anni-Pickert-Grund-und-Mittelschule. <br>Einlass wie gewohnt eine Stunde vorab, am Sonntag, den <strong>13.10.2024<\/strong> wird es eine zweite Auff\u00fchrung geben. <\/span><\/p><br><br><p class=\"MsoNormal\" style=\"mso-margin-top-alt:auto;mso-margin-bottom-alt:auto;\nline-height:normal\"><span style=\"font-size:12.0pt;font-family:&quot;Arial&quot;,sans-serif;\nmso-fareast-font-family:&quot;Times New Roman&quot;\">Weitere Details zu den anderen Abenden<br>lesen Sie ab jetzt alle zwei Wochen immer an genau dieser Stelle. <\/span><\/p><br><br><p class=\"MsoNormal\" style=\"mso-margin-top-alt:auto;mso-margin-bottom-alt:auto;\nline-height:normal\"><span style=\"font-size:12.0pt;font-family:&quot;Arial&quot;,sans-serif;\nmso-fareast-font-family:&quot;Times New Roman&quot;\">Wir wissen doch alle: Vorfreude ist<br>die sch\u00f6nste Freude. <\/span><\/p><br><br><\/p>\n","protected":false},"excerpt":{"rendered":"<p>Die \u201etragische Kom\u00f6die\u201c des Schweizer Schriftstellers Friedrich D\u00fcrrenmatt ist zweifelsohne ein Klassiker. Bei der Urauff\u00fchrung in Z\u00fcrich stand 1956 Therese Giehse auf der B\u00fchne, das St\u00fcck wurde ein Welterfolg und D\u00fcrrenmatt erlangte dadurch finanzielle Unabh\u00e4ngigkeit. In bekannten Verfilmungen sieht man u.a. Gr\u00f6\u00dfen wie Elisabeth Flickenschildt, Ingrid Bergman, Anthony Quinn, Christiane H\u00f6rbiger, Michael Mendl und Muriel [&hellip;]<\/p>\n","protected":false},"author":2,"featured_media":0,"parent":0,"menu_order":0,"comment_status":"closed","ping_status":"closed","template":"","meta":{"footnotes":""},"class_list":["post-1933","page","type-page","status-publish","czr-hentry"],"_links":{"self":[{"href":"https:\/\/kulturtage-poing.de\/index.php?rest_route=\/wp\/v2\/pages\/1933","targetHints":{"allow":["GET"]}}],"collection":[{"href":"https:\/\/kulturtage-poing.de\/index.php?rest_route=\/wp\/v2\/pages"}],"about":[{"href":"https:\/\/kulturtage-poing.de\/index.php?rest_route=\/wp\/v2\/types\/page"}],"author":[{"embeddable":true,"href":"https:\/\/kulturtage-poing.de\/index.php?rest_route=\/wp\/v2\/users\/2"}],"replies":[{"embeddable":true,"href":"https:\/\/kulturtage-poing.de\/index.php?rest_route=%2Fwp%2Fv2%2Fcomments&post=1933"}],"version-history":[{"count":2,"href":"https:\/\/kulturtage-poing.de\/index.php?rest_route=\/wp\/v2\/pages\/1933\/revisions"}],"predecessor-version":[{"id":1967,"href":"https:\/\/kulturtage-poing.de\/index.php?rest_route=\/wp\/v2\/pages\/1933\/revisions\/1967"}],"wp:attachment":[{"href":"https:\/\/kulturtage-poing.de\/index.php?rest_route=%2Fwp%2Fv2%2Fmedia&parent=1933"}],"curies":[{"name":"wp","href":"https:\/\/api.w.org\/{rel}","templated":true}]}}