{"id":1937,"date":"2024-06-10T15:10:30","date_gmt":"2024-06-10T13:10:30","guid":{"rendered":"https:\/\/kulturtage-poing.de\/?page_id=1937"},"modified":"2024-07-08T14:38:32","modified_gmt":"2024-07-08T12:38:32","slug":"lesung","status":"publish","type":"page","link":"https:\/\/kulturtage-poing.de\/?page_id=1937","title":{"rendered":"Lesung"},"content":{"rendered":"\n<p><\/p>\n\n\n\n<div class=\"wp-block-media-text is-stacked-on-mobile\" style=\"grid-template-columns:17% auto\"><figure class=\"wp-block-media-text__media\"><img loading=\"lazy\" decoding=\"async\" width=\"423\" height=\"600\" src=\"http:\/\/kulturtage-poing.de\/wp-content\/uploads\/2024\/07\/meister-der-kreise-taschenbuch-robin-atlas.jpeg\" alt=\"\" class=\"wp-image-2028 size-full\" srcset=\"https:\/\/kulturtage-poing.de\/wp-content\/uploads\/2024\/07\/meister-der-kreise-taschenbuch-robin-atlas.jpeg 423w, https:\/\/kulturtage-poing.de\/wp-content\/uploads\/2024\/07\/meister-der-kreise-taschenbuch-robin-atlas-212x300.jpeg 212w\" sizes=\"auto, (max-width: 423px) 100vw, 423px\" \/><\/figure><div class=\"wp-block-media-text__content\">\n<p>Die Autorin Robin Atlas liest aus ihrem Buch \u201eMeister der Kreise: Der Pakt\u201c<br>Als gro\u00dfer Fan spannender Heldengeschichten schreibt sie Fantasy-B\u00fccher \u00fcber starke Kinder, die ihre Welt erobern und an den H\u00fcrden auf ihrem Weg weit \u00fcber sich hinauswachsen.                                                                                                                                                           <\/p>\n\n\n\n<p>Lesealter: ab 10 Jahre<\/p>\n<\/div><\/div>\n","protected":false},"excerpt":{"rendered":"<p>Die Autorin Robin Atlas liest aus ihrem Buch \u201eMeister der Kreise: Der Pakt\u201cAls gro\u00dfer Fan spannender Heldengeschichten schreibt sie Fantasy-B\u00fccher \u00fcber starke Kinder, die ihre Welt erobern und an den H\u00fcrden auf ihrem Weg weit \u00fcber sich hinauswachsen. Lesealter: ab 10 Jahre<\/p>\n","protected":false},"author":2,"featured_media":0,"parent":0,"menu_order":0,"comment_status":"closed","ping_status":"closed","template":"","meta":{"footnotes":""},"class_list":["post-1937","page","type-page","status-publish","czr-hentry"],"_links":{"self":[{"href":"https:\/\/kulturtage-poing.de\/index.php?rest_route=\/wp\/v2\/pages\/1937","targetHints":{"allow":["GET"]}}],"collection":[{"href":"https:\/\/kulturtage-poing.de\/index.php?rest_route=\/wp\/v2\/pages"}],"about":[{"href":"https:\/\/kulturtage-poing.de\/index.php?rest_route=\/wp\/v2\/types\/page"}],"author":[{"embeddable":true,"href":"https:\/\/kulturtage-poing.de\/index.php?rest_route=\/wp\/v2\/users\/2"}],"replies":[{"embeddable":true,"href":"https:\/\/kulturtage-poing.de\/index.php?rest_route=%2Fwp%2Fv2%2Fcomments&post=1937"}],"version-history":[{"count":2,"href":"https:\/\/kulturtage-poing.de\/index.php?rest_route=\/wp\/v2\/pages\/1937\/revisions"}],"predecessor-version":[{"id":2031,"href":"https:\/\/kulturtage-poing.de\/index.php?rest_route=\/wp\/v2\/pages\/1937\/revisions\/2031"}],"wp:attachment":[{"href":"https:\/\/kulturtage-poing.de\/index.php?rest_route=%2Fwp%2Fv2%2Fmedia&parent=1937"}],"curies":[{"name":"wp","href":"https:\/\/api.w.org\/{rel}","templated":true}]}}