{"id":2037,"date":"2024-07-24T14:44:54","date_gmt":"2024-07-24T12:44:54","guid":{"rendered":"https:\/\/kulturtage-poing.de\/?page_id=2037"},"modified":"2025-04-10T16:19:08","modified_gmt":"2025-04-10T14:19:08","slug":"ballettschule-regina-rueger","status":"publish","type":"page","link":"https:\/\/kulturtage-poing.de\/?page_id=2037","title":{"rendered":"Ballettschule Regina R\u00fcger"},"content":{"rendered":"\n<p class=\"has-text-align-center\">Wir freuen uns auf die Darbietungen der&nbsp;<strong>Ballettschule Regina R\u00fcger<\/strong>, bei unserem Operettenabend.<\/p>\n\n\n\n<p class=\"has-text-align-left\">Die <strong>Ballett-Maxis<\/strong> <em>(Veronika Biber, Helena Bl\u00fcml, Lisa C\u00f6lle, Mia Edenharder, Selin Freund, Amelie Gniffke, Clara Gebrande, Lisa Gruber, Melanie H\u00f6bel, Selin Mechter, Fiona Muro, <\/em><br><em>Olga Nestroy, Amelie Pfaff, Guilia Sangoi, Liv Sangoi, Emilia Schmitz, Vanessa Thilwind, Milo Unverzagt,)<\/em> setzen mit den traumhaften Choreografien ihrer Lehrerin Regina R\u00fcger Glanzpunkte in unserem Operettenprogramm und wir sind stolz und gl\u00fccklich, dass ihr dieses Jahr mit dabei seid!<\/p>\n\n\n\n<figure class=\"wp-block-gallery has-nested-images columns-default is-cropped wp-block-gallery-1 is-layout-flex wp-block-gallery-is-layout-flex\">\n<figure class=\"wp-block-image size-large\"><a href=\"http:\/\/kulturtage-poing.de\/wp-content\/uploads\/2024\/10\/DSC_0181-scaled.jpg\"><img loading=\"lazy\" decoding=\"async\" width=\"1024\" height=\"685\" data-id=\"2155\" src=\"http:\/\/kulturtage-poing.de\/wp-content\/uploads\/2024\/10\/DSC_0181-1024x685.jpg\" alt=\"\" class=\"wp-image-2155\" srcset=\"https:\/\/kulturtage-poing.de\/wp-content\/uploads\/2024\/10\/DSC_0181-1024x685.jpg 1024w, https:\/\/kulturtage-poing.de\/wp-content\/uploads\/2024\/10\/DSC_0181-300x201.jpg 300w, https:\/\/kulturtage-poing.de\/wp-content\/uploads\/2024\/10\/DSC_0181-768x514.jpg 768w, https:\/\/kulturtage-poing.de\/wp-content\/uploads\/2024\/10\/DSC_0181-1536x1028.jpg 1536w, https:\/\/kulturtage-poing.de\/wp-content\/uploads\/2024\/10\/DSC_0181-2048x1371.jpg 2048w\" sizes=\"auto, (max-width: 1024px) 100vw, 1024px\" \/><\/a><\/figure>\n\n\n\n<figure class=\"wp-block-image size-large\"><a href=\"http:\/\/kulturtage-poing.de\/wp-content\/uploads\/2024\/10\/DSC_0826-scaled.jpg\"><img loading=\"lazy\" decoding=\"async\" width=\"1024\" height=\"685\" data-id=\"2172\" src=\"http:\/\/kulturtage-poing.de\/wp-content\/uploads\/2024\/10\/DSC_0826-1024x685.jpg\" alt=\"\" class=\"wp-image-2172\" srcset=\"https:\/\/kulturtage-poing.de\/wp-content\/uploads\/2024\/10\/DSC_0826-1024x685.jpg 1024w, https:\/\/kulturtage-poing.de\/wp-content\/uploads\/2024\/10\/DSC_0826-300x201.jpg 300w, https:\/\/kulturtage-poing.de\/wp-content\/uploads\/2024\/10\/DSC_0826-768x514.jpg 768w, https:\/\/kulturtage-poing.de\/wp-content\/uploads\/2024\/10\/DSC_0826-1536x1028.jpg 1536w, https:\/\/kulturtage-poing.de\/wp-content\/uploads\/2024\/10\/DSC_0826-2048x1371.jpg 2048w\" sizes=\"auto, (max-width: 1024px) 100vw, 1024px\" \/><\/a><\/figure>\n\n\n\n<figure class=\"wp-block-image size-large\"><a href=\"http:\/\/kulturtage-poing.de\/wp-content\/uploads\/2024\/10\/DSC_0887-scaled.jpg\"><img loading=\"lazy\" decoding=\"async\" width=\"1024\" height=\"685\" data-id=\"2174\" src=\"http:\/\/kulturtage-poing.de\/wp-content\/uploads\/2024\/10\/DSC_0887-1024x685.jpg\" alt=\"\" class=\"wp-image-2174\" srcset=\"https:\/\/kulturtage-poing.de\/wp-content\/uploads\/2024\/10\/DSC_0887-1024x685.jpg 1024w, https:\/\/kulturtage-poing.de\/wp-content\/uploads\/2024\/10\/DSC_0887-300x201.jpg 300w, https:\/\/kulturtage-poing.de\/wp-content\/uploads\/2024\/10\/DSC_0887-768x514.jpg 768w, https:\/\/kulturtage-poing.de\/wp-content\/uploads\/2024\/10\/DSC_0887-1536x1028.jpg 1536w, https:\/\/kulturtage-poing.de\/wp-content\/uploads\/2024\/10\/DSC_0887-2048x1371.jpg 2048w\" sizes=\"auto, (max-width: 1024px) 100vw, 1024px\" \/><\/a><\/figure>\n\n\n\n<figure class=\"wp-block-image size-large\"><a href=\"http:\/\/kulturtage-poing.de\/wp-content\/uploads\/2024\/10\/DSC_0281-scaled.jpg\"><img loading=\"lazy\" decoding=\"async\" width=\"1024\" height=\"685\" data-id=\"2159\" src=\"http:\/\/kulturtage-poing.de\/wp-content\/uploads\/2024\/10\/DSC_0281-1024x685.jpg\" alt=\"\" class=\"wp-image-2159\" srcset=\"https:\/\/kulturtage-poing.de\/wp-content\/uploads\/2024\/10\/DSC_0281-1024x685.jpg 1024w, https:\/\/kulturtage-poing.de\/wp-content\/uploads\/2024\/10\/DSC_0281-300x201.jpg 300w, https:\/\/kulturtage-poing.de\/wp-content\/uploads\/2024\/10\/DSC_0281-768x514.jpg 768w, https:\/\/kulturtage-poing.de\/wp-content\/uploads\/2024\/10\/DSC_0281-1536x1028.jpg 1536w, https:\/\/kulturtage-poing.de\/wp-content\/uploads\/2024\/10\/DSC_0281-2048x1371.jpg 2048w\" sizes=\"auto, (max-width: 1024px) 100vw, 1024px\" \/><\/a><\/figure>\n\n\n\n<figure class=\"wp-block-image size-large\"><a href=\"https:\/\/kulturtage-poing.de\/wp-content\/uploads\/2024\/07\/WhatsApp-Bild-2024-07-24-um-09.02.21_28e88c89.jpg\"><img loading=\"lazy\" decoding=\"async\" width=\"1024\" height=\"576\" data-id=\"2044\" src=\"https:\/\/kulturtage-poing.de\/wp-content\/uploads\/2024\/07\/WhatsApp-Bild-2024-07-24-um-09.02.21_28e88c89-1024x576.jpg\" alt=\"\" class=\"wp-image-2044\" srcset=\"https:\/\/kulturtage-poing.de\/wp-content\/uploads\/2024\/07\/WhatsApp-Bild-2024-07-24-um-09.02.21_28e88c89-1024x576.jpg 1024w, https:\/\/kulturtage-poing.de\/wp-content\/uploads\/2024\/07\/WhatsApp-Bild-2024-07-24-um-09.02.21_28e88c89-300x169.jpg 300w, https:\/\/kulturtage-poing.de\/wp-content\/uploads\/2024\/07\/WhatsApp-Bild-2024-07-24-um-09.02.21_28e88c89-768x432.jpg 768w, https:\/\/kulturtage-poing.de\/wp-content\/uploads\/2024\/07\/WhatsApp-Bild-2024-07-24-um-09.02.21_28e88c89-1536x864.jpg 1536w, https:\/\/kulturtage-poing.de\/wp-content\/uploads\/2024\/07\/WhatsApp-Bild-2024-07-24-um-09.02.21_28e88c89.jpg 1600w\" sizes=\"auto, (max-width: 1024px) 100vw, 1024px\" \/><\/a><\/figure>\n\n\n\n<figure class=\"wp-block-image size-large\"><a href=\"http:\/\/kulturtage-poing.de\/wp-content\/uploads\/2024\/10\/DSC_0178-scaled.jpg\"><img loading=\"lazy\" decoding=\"async\" width=\"1024\" height=\"685\" data-id=\"2154\" src=\"http:\/\/kulturtage-poing.de\/wp-content\/uploads\/2024\/10\/DSC_0178-1024x685.jpg\" alt=\"\" class=\"wp-image-2154\" srcset=\"https:\/\/kulturtage-poing.de\/wp-content\/uploads\/2024\/10\/DSC_0178-1024x685.jpg 1024w, https:\/\/kulturtage-poing.de\/wp-content\/uploads\/2024\/10\/DSC_0178-300x201.jpg 300w, https:\/\/kulturtage-poing.de\/wp-content\/uploads\/2024\/10\/DSC_0178-768x514.jpg 768w, https:\/\/kulturtage-poing.de\/wp-content\/uploads\/2024\/10\/DSC_0178-1536x1028.jpg 1536w, https:\/\/kulturtage-poing.de\/wp-content\/uploads\/2024\/10\/DSC_0178-2048x1371.jpg 2048w\" sizes=\"auto, (max-width: 1024px) 100vw, 1024px\" \/><\/a><\/figure>\n<\/figure>\n","protected":false},"excerpt":{"rendered":"<p>Wir freuen uns auf die Darbietungen der&nbsp;Ballettschule Regina R\u00fcger, bei unserem Operettenabend. Die Ballett-Maxis (Veronika Biber, Helena Bl\u00fcml, Lisa C\u00f6lle, Mia Edenharder, Selin Freund, Amelie Gniffke, Clara Gebrande, Lisa Gruber, Melanie H\u00f6bel, Selin Mechter, Fiona Muro, Olga Nestroy, Amelie Pfaff, Guilia Sangoi, Liv Sangoi, Emilia Schmitz, Vanessa Thilwind, Milo Unverzagt,) setzen mit den traumhaften Choreografien [&hellip;]<\/p>\n","protected":false},"author":2,"featured_media":0,"parent":0,"menu_order":0,"comment_status":"closed","ping_status":"closed","template":"","meta":{"footnotes":""},"class_list":["post-2037","page","type-page","status-publish","czr-hentry"],"_links":{"self":[{"href":"https:\/\/kulturtage-poing.de\/index.php?rest_route=\/wp\/v2\/pages\/2037","targetHints":{"allow":["GET"]}}],"collection":[{"href":"https:\/\/kulturtage-poing.de\/index.php?rest_route=\/wp\/v2\/pages"}],"about":[{"href":"https:\/\/kulturtage-poing.de\/index.php?rest_route=\/wp\/v2\/types\/page"}],"author":[{"embeddable":true,"href":"https:\/\/kulturtage-poing.de\/index.php?rest_route=\/wp\/v2\/users\/2"}],"replies":[{"embeddable":true,"href":"https:\/\/kulturtage-poing.de\/index.php?rest_route=%2Fwp%2Fv2%2Fcomments&post=2037"}],"version-history":[{"count":11,"href":"https:\/\/kulturtage-poing.de\/index.php?rest_route=\/wp\/v2\/pages\/2037\/revisions"}],"predecessor-version":[{"id":2418,"href":"https:\/\/kulturtage-poing.de\/index.php?rest_route=\/wp\/v2\/pages\/2037\/revisions\/2418"}],"wp:attachment":[{"href":"https:\/\/kulturtage-poing.de\/index.php?rest_route=%2Fwp%2Fv2%2Fmedia&parent=2037"}],"curies":[{"name":"wp","href":"https:\/\/api.w.org\/{rel}","templated":true}]}}

Ballettschule Regina Rüger

<p class="has-text-align-center">Wir freuen uns auf die Darbietungen der&nbsp;<strong>Ballettschule Regina Rüger</strong>, bei unserem Operettenabend.</p>



<p class="has-text-align-left">Die <strong>Ballett-Maxis</strong> <em>(Veronika Biber, Helena Blüml, Lisa Cölle, Mia Edenharder, Selin Freund, Amelie Gniffke, Clara Gebrande, Lisa Gruber, Melanie Höbel, Selin Mechter, Fiona Muro, </em><br><em>Olga Nestroy, Amelie Pfaff, Guilia Sangoi, Liv Sangoi, Emilia Schmitz, Vanessa Thilwind, Milo Unverzagt,)</em> setzen mit den traumhaften Choreografien ihrer Lehrerin Regina Rüger Glanzpunkte in unserem Operettenprogramm und wir sind stolz und glücklich, dass ihr dieses Jahr mit dabei seid!</p>



<figure class="wp-block-gallery has-nested-images columns-default is-cropped wp-block-gallery-1 is-layout-flex wp-block-gallery-is-layout-flex">
<figure class="wp-block-image size-large"><a href="http://kulturtage-poing.de/wp-content/uploads/2024/10/DSC_0181-scaled.jpg"><img loading="lazy" decoding="async" width="1024" height="685" data-id="2155" src="http://kulturtage-poing.de/wp-content/uploads/2024/10/DSC_0181-1024x685.jpg" alt="" class="wp-image-2155" srcset="https://kulturtage-poing.de/wp-content/uploads/2024/10/DSC_0181-1024x685.jpg 1024w, https://kulturtage-poing.de/wp-content/uploads/2024/10/DSC_0181-300x201.jpg 300w, https://kulturtage-poing.de/wp-content/uploads/2024/10/DSC_0181-768x514.jpg 768w, https://kulturtage-poing.de/wp-content/uploads/2024/10/DSC_0181-1536x1028.jpg 1536w, https://kulturtage-poing.de/wp-content/uploads/2024/10/DSC_0181-2048x1371.jpg 2048w" sizes="auto, (max-width: 1024px) 100vw, 1024px" /></a></figure>



<figure class="wp-block-image size-large"><a href="http://kulturtage-poing.de/wp-content/uploads/2024/10/DSC_0826-scaled.jpg"><img loading="lazy" decoding="async" width="1024" height="685" data-id="2172" src="http://kulturtage-poing.de/wp-content/uploads/2024/10/DSC_0826-1024x685.jpg" alt="" class="wp-image-2172" srcset="https://kulturtage-poing.de/wp-content/uploads/2024/10/DSC_0826-1024x685.jpg 1024w, https://kulturtage-poing.de/wp-content/uploads/2024/10/DSC_0826-300x201.jpg 300w, https://kulturtage-poing.de/wp-content/uploads/2024/10/DSC_0826-768x514.jpg 768w, https://kulturtage-poing.de/wp-content/uploads/2024/10/DSC_0826-1536x1028.jpg 1536w, https://kulturtage-poing.de/wp-content/uploads/2024/10/DSC_0826-2048x1371.jpg 2048w" sizes="auto, (max-width: 1024px) 100vw, 1024px" /></a></figure>



<figure class="wp-block-image size-large"><a href="http://kulturtage-poing.de/wp-content/uploads/2024/10/DSC_0887-scaled.jpg"><img loading="lazy" decoding="async" width="1024" height="685" data-id="2174" src="http://kulturtage-poing.de/wp-content/uploads/2024/10/DSC_0887-1024x685.jpg" alt="" class="wp-image-2174" srcset="https://kulturtage-poing.de/wp-content/uploads/2024/10/DSC_0887-1024x685.jpg 1024w, https://kulturtage-poing.de/wp-content/uploads/2024/10/DSC_0887-300x201.jpg 300w, https://kulturtage-poing.de/wp-content/uploads/2024/10/DSC_0887-768x514.jpg 768w, https://kulturtage-poing.de/wp-content/uploads/2024/10/DSC_0887-1536x1028.jpg 1536w, https://kulturtage-poing.de/wp-content/uploads/2024/10/DSC_0887-2048x1371.jpg 2048w" sizes="auto, (max-width: 1024px) 100vw, 1024px" /></a></figure>



<figure class="wp-block-image size-large"><a href="http://kulturtage-poing.de/wp-content/uploads/2024/10/DSC_0281-scaled.jpg"><img loading="lazy" decoding="async" width="1024" height="685" data-id="2159" src="http://kulturtage-poing.de/wp-content/uploads/2024/10/DSC_0281-1024x685.jpg" alt="" class="wp-image-2159" srcset="https://kulturtage-poing.de/wp-content/uploads/2024/10/DSC_0281-1024x685.jpg 1024w, https://kulturtage-poing.de/wp-content/uploads/2024/10/DSC_0281-300x201.jpg 300w, https://kulturtage-poing.de/wp-content/uploads/2024/10/DSC_0281-768x514.jpg 768w, https://kulturtage-poing.de/wp-content/uploads/2024/10/DSC_0281-1536x1028.jpg 1536w, https://kulturtage-poing.de/wp-content/uploads/2024/10/DSC_0281-2048x1371.jpg 2048w" sizes="auto, (max-width: 1024px) 100vw, 1024px" /></a></figure>



<figure class="wp-block-image size-large"><a href="https://kulturtage-poing.de/wp-content/uploads/2024/07/WhatsApp-Bild-2024-07-24-um-09.02.21_28e88c89.jpg"><img loading="lazy" decoding="async" width="1024" height="576" data-id="2044" src="https://kulturtage-poing.de/wp-content/uploads/2024/07/WhatsApp-Bild-2024-07-24-um-09.02.21_28e88c89-1024x576.jpg" alt="" class="wp-image-2044" srcset="https://kulturtage-poing.de/wp-content/uploads/2024/07/WhatsApp-Bild-2024-07-24-um-09.02.21_28e88c89-1024x576.jpg 1024w, https://kulturtage-poing.de/wp-content/uploads/2024/07/WhatsApp-Bild-2024-07-24-um-09.02.21_28e88c89-300x169.jpg 300w, https://kulturtage-poing.de/wp-content/uploads/2024/07/WhatsApp-Bild-2024-07-24-um-09.02.21_28e88c89-768x432.jpg 768w, https://kulturtage-poing.de/wp-content/uploads/2024/07/WhatsApp-Bild-2024-07-24-um-09.02.21_28e88c89-1536x864.jpg 1536w, https://kulturtage-poing.de/wp-content/uploads/2024/07/WhatsApp-Bild-2024-07-24-um-09.02.21_28e88c89.jpg 1600w" sizes="auto, (max-width: 1024px) 100vw, 1024px" /></a></figure>



<figure class="wp-block-image size-large"><a href="http://kulturtage-poing.de/wp-content/uploads/2024/10/DSC_0178-scaled.jpg"><img loading="lazy" decoding="async" width="1024" height="685" data-id="2154" src="http://kulturtage-poing.de/wp-content/uploads/2024/10/DSC_0178-1024x685.jpg" alt="" class="wp-image-2154" srcset="https://kulturtage-poing.de/wp-content/uploads/2024/10/DSC_0178-1024x685.jpg 1024w, https://kulturtage-poing.de/wp-content/uploads/2024/10/DSC_0178-300x201.jpg 300w, https://kulturtage-poing.de/wp-content/uploads/2024/10/DSC_0178-768x514.jpg 768w, https://kulturtage-poing.de/wp-content/uploads/2024/10/DSC_0178-1536x1028.jpg 1536w, https://kulturtage-poing.de/wp-content/uploads/2024/10/DSC_0178-2048x1371.jpg 2048w" sizes="auto, (max-width: 1024px) 100vw, 1024px" /></a></figure>
</figure>

<p>Wir freuen uns auf die Darbietungen der&nbsp;Ballettschule Regina Rüger, bei unserem Operettenabend. Die Ballett-Maxis (Veronika Biber, Helena Blüml, Lisa Cölle, Mia Edenharder, Selin Freund, Amelie Gniffke, Clara Gebrande, Lisa Gruber, Melanie Höbel, Selin Mechter, Fiona Muro, Olga Nestroy, Amelie Pfaff, Guilia Sangoi, Liv Sangoi, Emilia Schmitz, Vanessa Thilwind, Milo Unverzagt,) setzen mit den traumhaften Choreografien [&hellip;]</p>
