{"id":979,"date":"2019-03-26T18:22:34","date_gmt":"2019-03-26T17:22:34","guid":{"rendered":"http:\/\/kulturtage-poing.de\/?page_id=979"},"modified":"2019-03-26T20:35:38","modified_gmt":"2019-03-26T19:35:38","slug":"shakespeare-gruesst-das-schwarzwaldmaedel","status":"publish","type":"page","link":"https:\/\/kulturtage-poing.de\/?page_id=979","title":{"rendered":"Shakespeare gr\u00fc\u00dft das Schwarzwaldm\u00e4del"},"content":{"rendered":"\n<p class=\"has-medium-font-size\">mit <strong>Barbara Sauter<\/strong> (Sopran), <strong>Richard Wiedl<\/strong> (Tenor) und <strong>Frederic Jost<\/strong> (Bass), sowie dem <strong>Petershausener Kammerorchester<\/strong> (Ltg: <strong>Eugen Tluck<\/strong>) und der <strong>Ballettschule des Familienzentrums Poing<\/strong> (Ltg: <strong>Regina R\u00fcger<\/strong>), Moderation: <strong>Cornelia G\u00fctlich<\/strong><\/p>\n\n\n\n<div class=\"wp-block-media-text alignwide\"><figure class=\"wp-block-media-text__media\"><img loading=\"lazy\" decoding=\"async\" width=\"1024\" height=\"774\" src=\"http:\/\/kulturtage-poing.de\/wp-content\/uploads\/2019\/03\/20181020-IMG_7990-1024x774.jpg\" alt=\"\" class=\"wp-image-980\"\/><\/figure><div class=\"wp-block-media-text__content\">\n<p class=\"has-medium-font-size\">\nUnsere bew\u00e4hrten K\u00fcnstler haben auch in diesem Jahr wieder ein buntes \nProgramm mit Operettenmelodien in Vorbereitung, freuen Sie sich u.a. auf\n gro\u00dfe Melodien und Hits aus \u201eOrpheus in der Unterwelt\u201c, \u201eKiss me Kate\u201c,\n \u201ePariser Leben\u201c, \u201eSchwarzwaldm\u00e4del\u201c und \u201eFrau Luna\u201c. <\/p>\n\n\n\n<p class=\"has-medium-font-size\">Genie\u00dfen \nSie einen unvergesslichen Abend und begleiten Sie uns auf einer \nmusikalischen Reise von Shakespeare bis zum Schwarzwaldm\u00e4del.\n\n<\/p>\n<\/div><\/div>\n\n\n\n<p class=\"has-text-color has-very-dark-gray-color\"><br><\/p>\n","protected":false},"excerpt":{"rendered":"<p>mit Barbara Sauter (Sopran), Richard Wiedl (Tenor) und Frederic Jost (Bass), sowie dem Petershausener Kammerorchester (Ltg: Eugen Tluck) und der Ballettschule des Familienzentrums Poing (Ltg: Regina R\u00fcger), Moderation: Cornelia G\u00fctlich Unsere bew\u00e4hrten K\u00fcnstler haben auch in diesem Jahr wieder ein buntes Programm mit Operettenmelodien in Vorbereitung, freuen Sie sich u.a. auf gro\u00dfe Melodien und Hits [&hellip;]<\/p>\n","protected":false},"author":1,"featured_media":980,"parent":0,"menu_order":0,"comment_status":"closed","ping_status":"closed","template":"","meta":{"footnotes":""},"class_list":["post-979","page","type-page","status-publish","has-post-thumbnail","czr-hentry"],"_links":{"self":[{"href":"https:\/\/kulturtage-poing.de\/index.php?rest_route=\/wp\/v2\/pages\/979","targetHints":{"allow":["GET"]}}],"collection":[{"href":"https:\/\/kulturtage-poing.de\/index.php?rest_route=\/wp\/v2\/pages"}],"about":[{"href":"https:\/\/kulturtage-poing.de\/index.php?rest_route=\/wp\/v2\/types\/page"}],"author":[{"embeddable":true,"href":"https:\/\/kulturtage-poing.de\/index.php?rest_route=\/wp\/v2\/users\/1"}],"replies":[{"embeddable":true,"href":"https:\/\/kulturtage-poing.de\/index.php?rest_route=%2Fwp%2Fv2%2Fcomments&post=979"}],"version-history":[{"count":8,"href":"https:\/\/kulturtage-poing.de\/index.php?rest_route=\/wp\/v2\/pages\/979\/revisions"}],"predecessor-version":[{"id":1009,"href":"https:\/\/kulturtage-poing.de\/index.php?rest_route=\/wp\/v2\/pages\/979\/revisions\/1009"}],"wp:featuredmedia":[{"embeddable":true,"href":"https:\/\/kulturtage-poing.de\/index.php?rest_route=\/wp\/v2\/media\/980"}],"wp:attachment":[{"href":"https:\/\/kulturtage-poing.de\/index.php?rest_route=%2Fwp%2Fv2%2Fmedia&parent=979"}],"curies":[{"name":"wp","href":"https:\/\/api.w.org\/{rel}","templated":true}]}}