{"id":989,"date":"2019-03-26T18:36:26","date_gmt":"2019-03-26T17:36:26","guid":{"rendered":"http:\/\/kulturtage-poing.de\/?page_id=989"},"modified":"2019-03-26T18:36:28","modified_gmt":"2019-03-26T17:36:28","slug":"ballettmattinee-zum-muttertag","status":"publish","type":"page","link":"https:\/\/kulturtage-poing.de\/?page_id=989","title":{"rendered":"Ballettmattin\u00e9e zum Muttertag"},"content":{"rendered":"\n<figure class=\"wp-block-image\"><img loading=\"lazy\" decoding=\"async\" width=\"1024\" height=\"414\" src=\"http:\/\/kulturtage-poing.de\/wp-content\/uploads\/2019\/03\/ONBL_KW_13_Kulturtage-Poing-1024x414.jpg\" alt=\"\" class=\"wp-image-990\" srcset=\"https:\/\/kulturtage-poing.de\/wp-content\/uploads\/2019\/03\/ONBL_KW_13_Kulturtage-Poing-1024x414.jpg 1024w, https:\/\/kulturtage-poing.de\/wp-content\/uploads\/2019\/03\/ONBL_KW_13_Kulturtage-Poing-300x121.jpg 300w, https:\/\/kulturtage-poing.de\/wp-content\/uploads\/2019\/03\/ONBL_KW_13_Kulturtage-Poing-768x311.jpg 768w\" sizes=\"auto, (max-width: 1024px) 100vw, 1024px\" \/><\/figure>\n\n\n\n<p class=\"has-medium-font-size\">Unter der Leitung von Regina R\u00fcger \u00fcben die Ballettm\u00e4dchen der Ballettschule und fiebern ihrem gro\u00dfen Auftritt entgegen \u2013 lassen Sie sich das nicht entgehen! Wir freuen uns sehr \u00fcber diese sch\u00f6ne, nun schon \u00fcber viele Jahre bestehende Zusammenarbeit mit dem Familienzentrum und sind sicher, die strahlenden Kinderaugen, werden auch in diesem Jahr zu den Highlights der Kulturtage z\u00e4hlen. <\/p>\n","protected":false},"excerpt":{"rendered":"<p>Unter der Leitung von Regina R\u00fcger \u00fcben die Ballettm\u00e4dchen der Ballettschule und fiebern ihrem gro\u00dfen Auftritt entgegen \u2013 lassen Sie sich das nicht entgehen! Wir freuen uns sehr \u00fcber diese sch\u00f6ne, nun schon \u00fcber viele Jahre bestehende Zusammenarbeit mit dem Familienzentrum und sind sicher, die strahlenden Kinderaugen, werden auch in diesem Jahr zu den Highlights [&hellip;]<\/p>\n","protected":false},"author":1,"featured_media":0,"parent":0,"menu_order":0,"comment_status":"closed","ping_status":"closed","template":"","meta":{"footnotes":""},"class_list":["post-989","page","type-page","status-publish","czr-hentry"],"_links":{"self":[{"href":"https:\/\/kulturtage-poing.de\/index.php?rest_route=\/wp\/v2\/pages\/989","targetHints":{"allow":["GET"]}}],"collection":[{"href":"https:\/\/kulturtage-poing.de\/index.php?rest_route=\/wp\/v2\/pages"}],"about":[{"href":"https:\/\/kulturtage-poing.de\/index.php?rest_route=\/wp\/v2\/types\/page"}],"author":[{"embeddable":true,"href":"https:\/\/kulturtage-poing.de\/index.php?rest_route=\/wp\/v2\/users\/1"}],"replies":[{"embeddable":true,"href":"https:\/\/kulturtage-poing.de\/index.php?rest_route=%2Fwp%2Fv2%2Fcomments&post=989"}],"version-history":[{"count":1,"href":"https:\/\/kulturtage-poing.de\/index.php?rest_route=\/wp\/v2\/pages\/989\/revisions"}],"predecessor-version":[{"id":991,"href":"https:\/\/kulturtage-poing.de\/index.php?rest_route=\/wp\/v2\/pages\/989\/revisions\/991"}],"wp:attachment":[{"href":"https:\/\/kulturtage-poing.de\/index.php?rest_route=%2Fwp%2Fv2%2Fmedia&parent=989"}],"curies":[{"name":"wp","href":"https:\/\/api.w.org\/{rel}","templated":true}]}}

Ballettmattinée zum Muttertag

<figure class="wp-block-image"><img loading="lazy" decoding="async" width="1024" height="414" src="http://kulturtage-poing.de/wp-content/uploads/2019/03/ONBL_KW_13_Kulturtage-Poing-1024x414.jpg" alt="" class="wp-image-990" srcset="https://kulturtage-poing.de/wp-content/uploads/2019/03/ONBL_KW_13_Kulturtage-Poing-1024x414.jpg 1024w, https://kulturtage-poing.de/wp-content/uploads/2019/03/ONBL_KW_13_Kulturtage-Poing-300x121.jpg 300w, https://kulturtage-poing.de/wp-content/uploads/2019/03/ONBL_KW_13_Kulturtage-Poing-768x311.jpg 768w" sizes="auto, (max-width: 1024px) 100vw, 1024px" /></figure>



<p class="has-medium-font-size">Unter der Leitung von Regina Rüger üben die Ballettmädchen der Ballettschule und fiebern ihrem großen Auftritt entgegen – lassen Sie sich das nicht entgehen! Wir freuen uns sehr über diese schöne, nun schon über viele Jahre bestehende Zusammenarbeit mit dem Familienzentrum und sind sicher, die strahlenden Kinderaugen, werden auch in diesem Jahr zu den Highlights der Kulturtage zählen. </p>

<p>Unter der Leitung von Regina Rüger üben die Ballettmädchen der Ballettschule und fiebern ihrem großen Auftritt entgegen – lassen Sie sich das nicht entgehen! Wir freuen uns sehr über diese schöne, nun schon über viele Jahre bestehende Zusammenarbeit mit dem Familienzentrum und sind sicher, die strahlenden Kinderaugen, werden auch in diesem Jahr zu den Highlights [&hellip;]</p>
